{"id":3,"date":"2020-03-30T10:46:27","date_gmt":"2020-03-30T10:46:27","guid":{"rendered":"https:\/\/primealture.oltrepoacasatua.it\/?page_id=3"},"modified":"2020-05-20T13:33:30","modified_gmt":"2020-05-20T13:33:30","slug":"privacy-policy","status":"publish","type":"page","link":"https:\/\/tenutaborgolano.oltrepoacasatua.it\/index.php\/privacy-policy\/","title":{"rendered":"Privacy Policy"},"content":{"rendered":"<p>[vc_row][vc_column][vc_custom_heading text=&#8221;Privacy e Policy&#8221; font_container=&#8221;tag:h2|text_align:center&#8221; use_theme_fonts=&#8221;yes&#8221;][vc_column_text]<strong>Note legali<\/strong><br \/>\nRagione sociale: TENUTA BORGOLANO di Donatella Quaroni<br \/>\nSede legale: Via Pianazza,44 &#8211; 27040 MONTESCANO (PV)<br \/>\nPartita IVA: 01503020180<br \/>\nR.E.A.: PV 1996-203639<br \/>\nC.C.I.A.A. 0189985<br \/>\nIndirizzo PEC: tenutaborgolano@pecmbe.it<\/p>\n<p><strong>Privacy Policy<\/strong><br \/>\nInformativa clienti al trattamento dei dati personali GDPR \u2013 Reg. UE 679\/2016. I dati personali dell\u2019utente sono utilizzati da TENUTA BORGOLANO, P.IVA 01503020180 con sede legale in Via Pianazza, 44 &#8211; 27040 Montescano (PV), nel rispetto dei principi di protezione dei dati personali stabiliti dall\u2019 Art. 13 del Regolamento UE GDPR 2016\/679.<\/p>\n<p>Modalit\u00e0 e finalit\u00e0 del trattamento dati<br \/>\nAi sensi dell\u2019 Art. 4; Art. 6 del Reg. UE GDPR 679\/2016 La informiamo che i dati verranno trattati con il supporto dei seguenti mezzi:<br \/>\na) Cartacei (moduli di registrazione, moduli d\u2019ordine, ecc.)<br \/>\nb) Informatici (software gestionali,<br \/>\ncontabili, ecc.)<br \/>\nc) Telematici.<br \/>\ncon le seguenti finalit\u00e0:<br \/>\n\u2022 erogazione dei servizi richiesti dal Cliente e\/o da noi proposti o disponibili su portali gestiti da\u00a0TENUTA BORGOLANO, societ\u00e0 o professionisti partner,<br \/>\n\u2022 newsletter, materiale informativo ecc., nonch\u00e9 conclusione del contratto di cui \u00e8 parte l\u2019interessato \u2022 fini amministrativi e contabili correlati ai contratti di servizio.<\/p>\n<p>Con l\u2019esplicito consenso dell\u2019utente i dati saranno trattati anche per le seguenti finalit\u00e0:<br \/>\n\u2022 invio di proposte e di comunicazioni commerciali a mezzo posta elettronica o SMS o fax, da parte sia di TENUTA BORGOLANO societ\u00e0 o professionisti partner,<br \/>\n\u2022 indagini di mercato e statistiche, marketing e referenze su comunicazioni pubblicitarie (stampa, radio, TV, internet, ecc.), preferenze sui prodotti.<\/p>\n<p>Base guiridica<br \/>\nAi sensi dell\u2019 Art. 4 del Reg. UE GDPR 679\/2016. Il conferimento dei dati \u00e8 obbligatorio per tutto quanto \u00e8 richiesto dagli obblighi legali e contrattuali e pertanto l\u2019eventuale rifiuto a fornirli in tutto o in parte pu\u00f2 dar luogo all\u2019impossibilit\u00e0 di fornire i servizi richiesti. La societ\u00e0 tratta i dati facoltativi degli utenti in base al consenso, ossia mediante l\u2019approvazione esplicita della presente policy privacy e in relazione alle modalit\u00e0 e finalit\u00e0 di seguito descritte.<\/p>\n<p>Categorie di destinatari<\/p>\n<p>Ai sensi dell\u2019 Art. 2 del Reg. UE GDPR 679\/2016<br \/>\nFerme restando le comunicazioni eseguite in adempimento di obblighi di legge e contrattuali, tutti i dati raccolti ed elaborati potranno essere comunicati esclusivamente per le finalit\u00e0 sopra specificate alle seguenti categorie di interessati:<br \/>\n\u2022 Consulenti, Collaboratori, Outsourcers<br \/>\n\u2022 Contabili ed amministrativi<br \/>\n\u2022 Fornitori<br \/>\n\u2022 Banche e Istituti di Credito<\/p>\n<p>Periodo di conservazione<br \/>\nAi sensi dell\u2019 Art. 4 del Reg. UE GDPR 679\/2016<br \/>\nI dati obbligatori ai fini contrattuali e contabili sono conservati per il tempo necessario allo svolgimento del rapporto professionale e commerciale, sancito dall\u2019accettazione di un\u2019offerta economica e\/o stipula di mandato. I dati di natura amministrativa e contabile saranno conservati per i 10 anni successivi dalla data di decorrenza del rapporto professionale con il cliente (art. 2200 del<br \/>\nCodice Civile). I dati di chi non acquista o usufruisce di servizi, pur avendo avuto un precedente contatto con dei rappresentanti dell\u2019azienda, saranno cancellati o trattati in forma anonima su esplicita richiesta del cliente, ove la loro conservazione non risulti altrimenti giustificata, salvo che sia stato acquisito validamente il consenso informato degli interessati relativo ad una successiva attivit\u00e0 di promozione commerciale o ricerca di mercato.<\/p>\n<p>Diritti dell\u2019interessato<br \/>\nAi sensi dell\u2019 Art. 15 del Reg. UE GDPR 679\/2016<br \/>\nAi sensi del Regolamento europeo 679\/2016 (GDPR) e della normativa nazionale, l\u2019interessato pu\u00f2, secondo le modalit\u00e0 e nei limiti previsti dalla vigente normativa, esercitare i seguenti diritti:<br \/>\n\u2022 richiedere la conferma dell\u2019esistenza di dati personali che lo riguardano (diritto di accesso)<br \/>\n\u2022 conoscerne l\u2019origine<br \/>\n\u2022 riceverne comunicazione intelligibile<br \/>\n\u2022 avere informazioni circa la logica, le modalit\u00e0 e le finalit\u00e0 del trattamento<br \/>\n\u2022 richiederne l\u2019aggiornamento, la rettifica, l\u2019integrazione, la cancellazione, la trasformazione in<br \/>\nforma anonima, il blocco dei dati trattati in violazione di legge, ivi compresi quelli non pi\u00f9 necessari al perseguimento degli scopi per i quali sono stati raccolti<br \/>\n\u2022 nei casi di trattamento basato su consenso, ricevere i propri dati forniti al titolare, in forma strutturata e leggibile da un elaboratore di dati e in un formato comunemente usato da un dispositivo<br \/>\nelettronico<br \/>\n\u2022 il diritto di presentare un reclamo all\u2019Autorit\u00e0 di controllo<\/p>\n<p>Modalit\u00e0 di esercizio dei diritti<br \/>\nPotr\u00e0 in qualsiasi momento esercitare i diritti inviando:<br \/>\n\u2013 una raccomandata AR a TENUTA BORGOLANO, P.I.01503020180 con sede legale in Via Pianazza, 44 &#8211; 27040 Montescano (PV)<br \/>\n\u2013 una PEC all\u2019indirizzo: tenutaborgolano@pecmbe.it<\/p>\n<p>Titolare, responsabile e incaricati<\/p>\n<p>Il Titolare del trattamento \u00e8\u00a0TENUTA BORGOLANO, P.IVA 01503020180 con sede legale in Via Pianazza,44 &#8211; 27040 Montescano (PV)<\/p>\n<p>Cookie Policy<br \/>\nIn ottemperanza al Provvedimento n.229<br \/>\n(consultabile qui:\u00a0http:\/\/www.garanteprivacy.it\/web\/guest\/home\/docweb\/-\/docweb-<br \/>\ndisplay\/docweb\/3118884) emesso dal Garante per la Protezione dei Dati Personali in data 8 maggio 2014, TENUTA BORGOLANO\u00a0fornisce la seguente informativa sui cookie, sulle loro funzioni e su come eventualmente disabilitarli.<\/p>\n<p>Cosa sono i cookie<br \/>\nI cookie sono piccoli file di testo che i siti visitati dall\u2019utente inviano e registrano sul suo personal computer o qualsivoglia ulteriore dispositivo, anche mobile, per essere poi ritrasmessi agli stessi siti alla successiva visita. I cookie vengono utilizzati per diverse finalit\u00e0: ad esempio, per ricordare le azioni e preferenze dell\u2019utente (come, ad esempio, i dati di login, la lingua prescelta, le dimensioni dei caratteri, altre impostazioni di visualizzazione, ecc.) in modo che non debbano essere indicate nuovamente quando l\u2019utente torni a visitare detto sito o navighi da una pagina all\u2019altra di esso; ovvero per eseguire autenticazioni informatiche, monitoraggio di sessioni e memorizzazione di informazioni riguardanti le attivit\u00e0 degli utenti che accedono ad un sito e possono contenere anche un codice identificativo unico che consente di tenere traccia della navigazione dell\u2019utente all\u2019interno<br \/>\ndel sito stesso per finalit\u00e0 statistiche o pubblicitarie.<\/p>\n<p>Esistono dunque differenti tipologie di cookie, differenziabili dalle loro caratteristiche e funzioni:<br \/>\nCookie di navigazione o di sessione:<br \/>\nquesti cookie non vengono memorizzati in modo persistente sul dispositivo dell\u2019utente e vengono cancellati alla chiusura del browser. A differenza di altri cookie, i cookie di sessione non hanno una data di scadenza, ed in base a questo il browser riesce ad identificarli come tali.<\/p>\n<p>Cookie tecnici:<br \/>\nvengono utilizzati nella misura strettamente necessaria per erogare un servizio esplicitamente richiesto dall\u2019utente. Si tratta, in altre parole, di cookie utili per la navigazione e per facilitare l\u2019accesso e la fruizione del sito da parte dell\u2019utente. I cookie tecnici sono essenziali per esempio per accedere al proprio profilo o alla sezione carrello di un ecommerce senza doversi loggare a tutte le sessioni. Sono presenti anche in operazioni fondamentali quali pagamento tramite carta di credito o per mezzo di altri sistemi.<\/p>\n<p>Cookie analytics:<br \/>\nquesti vengono utilizzati per raccogliere informazioni, in forma aggregata, sul numero di utenti del sito e delle pagine visualizzate (ad esempio Google Analytics). Si fa rimando alle relative policies che possono cambiare periodicamente e che si consiglia pertanto di consultare nel tempo, dove sono<br \/>\ndisponibili maggiori informazioni di dettaglio, ad<br \/>\nesempio\u00a0https:\/\/developers.google.com\/analytics\/devguides\/collection\/analyticsjs\/cookieusage;<\/p>\n<p>Cookie di terze parti:<br \/>\ni cookie di terze parti, appartengono a domini diversi da quello mostrato nella barra degli indirizzi. Questi tipi di cookie appaiono in genere quando le pagine web sono dotate di contenuti, come ad esempio banner pubblicitari, da siti web esterni che attraverso attivit\u00e0 di tracking, monitorano le preferenze dell\u2019utente nel tentativo di servire annunci rilevanti e personalizzati per ciascuno.<\/p>\n<p>I cookie presenti sul sito di TENUTA BORGOLANO sono dunque i seguenti:<br \/>\nGoogle Analytics<br \/>\nUtilizzamo Google Analytics, un servizio di analisi web fornito da Google. Google Analytics in particolare utilizza, nel nostro sito, cookie che non memorizzano dati personali e che vengono depositati sul computer dell\u2019utente per consentire al gestore del sito web di analizzare come gli utenti utilizzano il sito stesso solo a fini statistici. Per impedire a Google Analytics di raccogliere dati sulla propria navigazione, \u00e8 possibile scaricare il Componente aggiuntivo del browser per la disattivazione di Google Analytics:\u00a0http:\/\/tools.google.com\/dlpage\/gaoptout<\/p>\n<p>Sicurezza relativa ai cookie<br \/>\nLe tipologie di cookie sopra richiamate possono rimanere nel computer o nel dispositivo mobile utilizzato dall\u2019utente per periodi di tempo diversi, a seconda della funzione dagli stessi assolta. I cookie memorizzati sul computer o mobile device non possono essere utilizzati per richiamare nessun dato dal hard disk, trasmettere virus informatici, n\u00e9 per finalit\u00e0 diverse da quelle sopra descritte.<\/p>\n<p>Come modificare le impostazioni relative ai cookie<br \/>\nLa maggior parte dei browser \u00e8 configurata per accettare, controllare o eventualmente disabilitare i cookie attraverso le impostazioni. Le ricordiamo tuttavia che disabilitare i cookie di navigazione o quelli funzionali pu\u00f2 causare il funzionamento del sito e\/o limitare il servizio che offriamo. \u00c8 possibile quindi impostare e gestire le proprie preferenze relative ai cookie in qualsiasi momento, selezionando quali cookie autorizzare, bloccare o cancellare, in tutto o in parte, attraverso le impostazioni del proprio browser.<\/p>\n<p>Cosa comporta eliminare e\/o disabilitare i cookie?<br \/>\nLa cancellazione dei Cookie potrebbe comportare che:<br \/>\n\u2013 le impostazioni memorizzate nella cache non sarebbero pi\u00f9 utilizzabili e quindi in caso di login dovrai effettuare nuovamente l\u2019accesso<br \/>\n\u2013 il sito potrebbe risultare pi\u00f9 lento in quanto alcune funzionalit\u00e0 non sarebbero pi\u00f9 abilitate<br \/>\n\u2013 potresti dover inserire manualmente alcune informazioni o preferenze ogni volta che visiterai il<br \/>\nsito<\/p>\n<p>Per maggiori informazioni sui cookie e per gestire le sue preferenze sui cookie di profilazione di terza parte la invitiamo a visitare\u00a0https:\/\/www.youronlinechoices.com.\u00a0Nota bene: il nostro sito conserver\u00e0 le preferenze dell\u2019utente in tema di cookie grazie ad un apposito cookie tecnico, che l\u2019utente dovr\u00e0 accettare al primo caricamento del sito web sul proprio browser.[\/vc_column_text][\/vc_column][\/vc_row]<\/p>\n","protected":false},"excerpt":{"rendered":"<p>[vc_row][vc_column][vc_custom_heading text=&#8221;Privacy e Policy&#8221; font_container=&#8221;tag:h2|text_align:center&#8221; use_theme_fonts=&#8221;yes&#8221;][vc_column_text]Note legali Ragione sociale: TENUTA BORGOLANO di Donatella Quaroni Sede legale: Via Pianazza,44 &#8211; 27040 MONTESCANO (PV) Partita IVA: 01503020180 R.E.A.: PV 1996-203639 C.C.I.A.A. 0189985 Indirizzo PEC: tenutaborgolano@pecmbe.it Privacy Policy Informativa clienti al trattamento dei dati personali GDPR \u2013 Reg. UE 679\/2016. I dati personali dell\u2019utente sono utilizzati da TENUTA&hellip;<\/p>\n","protected":false},"author":1,"featured_media":0,"parent":0,"menu_order":0,"comment_status":"closed","ping_status":"closed","template":"","meta":{"_monsterinsights_skip_tracking":false,"_monsterinsights_sitenote_active":false,"_monsterinsights_sitenote_note":"","_monsterinsights_sitenote_category":0,"spay_email":""},"_links":{"self":[{"href":"https:\/\/tenutaborgolano.oltrepoacasatua.it\/index.php\/wp-json\/wp\/v2\/pages\/3"}],"collection":[{"href":"https:\/\/tenutaborgolano.oltrepoacasatua.it\/index.php\/wp-json\/wp\/v2\/pages"}],"about":[{"href":"https:\/\/tenutaborgolano.oltrepoacasatua.it\/index.php\/wp-json\/wp\/v2\/types\/page"}],"author":[{"embeddable":true,"href":"https:\/\/tenutaborgolano.oltrepoacasatua.it\/index.php\/wp-json\/wp\/v2\/users\/1"}],"replies":[{"embeddable":true,"href":"https:\/\/tenutaborgolano.oltrepoacasatua.it\/index.php\/wp-json\/wp\/v2\/comments?post=3"}],"version-history":[{"count":4,"href":"https:\/\/tenutaborgolano.oltrepoacasatua.it\/index.php\/wp-json\/wp\/v2\/pages\/3\/revisions"}],"predecessor-version":[{"id":291,"href":"https:\/\/tenutaborgolano.oltrepoacasatua.it\/index.php\/wp-json\/wp\/v2\/pages\/3\/revisions\/291"}],"wp:attachment":[{"href":"https:\/\/tenutaborgolano.oltrepoacasatua.it\/index.php\/wp-json\/wp\/v2\/media?parent=3"}],"curies":[{"name":"wp","href":"https:\/\/api.w.org\/{rel}","templated":true}]}}